{"id":306,"date":"2025-06-03T11:13:50","date_gmt":"2025-06-03T09:13:50","guid":{"rendered":"https:\/\/bf.mestisanes.com\/?page_id=198"},"modified":"2025-08-22T20:35:54","modified_gmt":"2025-08-22T18:35:54","slug":"produits-interdits","status":"publish","type":"page","link":"https:\/\/bf.gongonneur.com\/index.php\/produits-interdits\/","title":{"rendered":"Produits interdits"},"content":{"rendered":"\n<p class=\"has-black-color has-text-color has-link-color wp-elements-3db17d243e4c715d3021c78cf45fd77c\">Types de produits, biens et services interdits sur notre Site :<br>&#8211; Toute activit\u00e9 d&rsquo;aide \u00e0 la migration, de d\u00e9marchage, de \u00ab\u00a0passeur\u00a0\u00bb pour une migration intra ou extra Afrique vers les autres parties du Monde (Europe, Am\u00e9rique, Asie, Oc\u00e9anie) ;<br>&#8211; Produits, accessoires, contenus et services destin\u00e9s aux adultes&nbsp;;<br>&#8211; Offres proposant de mani\u00e8re directe ou indirecte des services\/pratiques tendancieuses ;<br>&#8211; Jeux d&rsquo;argent et de hasard (ex : tickets de loterie, pari aff\u00e9rent \u00e0 une annonce \u2026)&nbsp;;<br>&#8211; M\u00e9dicaments, parapharmacie, cosm\u00e9tiques ;<br>&#8211; Produits pr\u00e9sent\u00e9s comme \u00e9tant miraculeux ;<br>&#8211; Produits amincissants et compl\u00e9ments alimentaires&nbsp;;<br>&#8211; Dons, tontines, services financiers et autres activit\u00e9es assimil\u00e9es ;<br>&#8211; Appel aux dons financiers priv\u00e9s ou \u00e0 but humanitaire ;<br>&#8211; Produits &amp; services dangereux ;<br>&#8211; Tabac, drogues et objets associ\u00e9s ;<br>&#8211; Substances dangereuses et illicites ;<br>&#8211; Armes blanches de combat ou d\u2019autod\u00e9fense, armes \u00e0 feu, explosifs, pi\u00e8ges de chasse, etc ;<br>&#8211; Tenues militaires et assimil\u00e9es, insignes et m\u00e9dailles officielles ou tout autre produit propre \u00e0 une corporation de l\u2019\u00c9tat ;<br>&#8211; Esp\u00e8ces, certaines parties ou produits d\u00e9riv\u00e9s d\u2019esp\u00e8ces sauvages menac\u00e9es et\/ou prot\u00e9g\u00e9es, comme l\u2019ivoire, etc ;<br>&#8211; Maraboutage, tarot divinatoire, toute divination, voyance &amp; medium, portefeuille magique, poup\u00e9e hant\u00e9e, statuette \u00e0 pouvoir magique, objet pr\u00e9sent\u00e9 comme dot\u00e9 de vertus surnaturelles, etc ;<br>&#8211; Avis de recherche d\u2019une personne ;<br>&#8211; Tout produit contrefait est strictement prohib\u00e9 ;<br>(cette liste est non exhaustive)<\/p>\n\n\n\n<p class=\"has-black-color has-text-color has-link-color wp-elements-9d6165d287e40e2b2290a743e7b290f3\">Images et comportements non autoris\u00e9s<br>Il est strictement interdit d\u2019ins\u00e9rer des photos comportant :<br>Des enfants mineurs ;<br>Un ou des logo(s) seul(s) (\u00e0 l&rsquo;exception de la cat\u00e9gorie d&rsquo;annonces Emploi et Services) ;<br>Un ou des lien(s) renvoyant vers un autre site internet ;<br>Un num\u00e9ro de t\u00e9l\u00e9phone ou une adresse mail ;<br>Pour la vente de v\u00e9hicules (ou pour toute cat\u00e9gorie), il est interdit de mettre les photos propos\u00e9es \u00e0 titre publicitaire par le constructeur du v\u00e9hicule, mais plut\u00f4t la photo de votre v\u00e9hicule tel qu\u2019il est, Autrement dit, utilisez vos propres images,<br>(Liste non exhaustive)<\/p>\n\n\n\n<p class=\"has-black-color has-text-color has-link-color wp-elements-c3a6d8705876d39838288edcf947f4b5\">Mise \u00e0 jour 22\/08\/2025<\/p>\n","protected":false},"excerpt":{"rendered":"<p>Types de produits, biens et services interdits sur notre Site :&#8211; Toute activit\u00e9 d&rsquo;aide \u00e0 la migration, de d\u00e9marchage, de \u00ab\u00a0passeur\u00a0\u00bb pour une migration intra ou extra Afrique vers les autres parties du Monde (Europe, Am\u00e9rique, Asie, Oc\u00e9anie) ;&#8211; Produits, accessoires, contenus et services destin\u00e9s aux adultes&nbsp;;&#8211; Offres proposant de mani\u00e8re directe ou indirecte des [&hellip;]<\/p>\n","protected":false},"author":1,"featured_media":0,"parent":0,"menu_order":0,"comment_status":"closed","ping_status":"closed","template":"","meta":{"slim_seo":{"title":"Produits interdits - Petites-Annonces gratuites au BURKINA","description":"Types de produits, biens et services interdits sur notre Site : - Toute activit\u00e9 d'aide \u00e0 la migration, de d\u00e9marchage, de \"passeur\" pour une migration intra ou"},"footnotes":""},"class_list":["post-306","page","type-page","status-publish","hentry"],"_links":{"self":[{"href":"https:\/\/bf.gongonneur.com\/index.php\/wp-json\/wp\/v2\/pages\/306","targetHints":{"allow":["GET"]}}],"collection":[{"href":"https:\/\/bf.gongonneur.com\/index.php\/wp-json\/wp\/v2\/pages"}],"about":[{"href":"https:\/\/bf.gongonneur.com\/index.php\/wp-json\/wp\/v2\/types\/page"}],"author":[{"embeddable":true,"href":"https:\/\/bf.gongonneur.com\/index.php\/wp-json\/wp\/v2\/users\/1"}],"replies":[{"embeddable":true,"href":"https:\/\/bf.gongonneur.com\/index.php\/wp-json\/wp\/v2\/comments?post=306"}],"version-history":[{"count":1,"href":"https:\/\/bf.gongonneur.com\/index.php\/wp-json\/wp\/v2\/pages\/306\/revisions"}],"predecessor-version":[{"id":401,"href":"https:\/\/bf.gongonneur.com\/index.php\/wp-json\/wp\/v2\/pages\/306\/revisions\/401"}],"wp:attachment":[{"href":"https:\/\/bf.gongonneur.com\/index.php\/wp-json\/wp\/v2\/media?parent=306"}],"curies":[{"name":"wp","href":"https:\/\/api.w.org\/{rel}","templated":true}]}}